of 7064598?
8
What is the hundreds digit of 7262610?
6
What is the hundred thousands digit of 332891?
3
What is the millions digit of 14816420?
4
What is the units digit of 6961493?
3
What is the tens digit of 436122?
2
What is the tens digit of 1666258?
5
What is the hundreds digit of 996624?
6
What is the thousands digit of 92462?
2
What is the tens digit of 5466844?
4
What is the units digit of 9298659?
9
What is the ten thousands digit of 183767?
8
What is the ten thousands digit of 15328?
1
What is the millions digit of 28307335?
8
What is the tens digit of 15195772?
7
What is the ten thousands digit of 185585?
8
What is the tens digit of 448380?
8
What is the thousands digit of 20867021?
7
What is the hundreds digit of 214905?
9
What is the thousands digit of 916490?
6
What is the ten thousands digit of 2975266?
7
What is the millions digit of 2124046?
2
What is the thousands digit of 331718?
1
What is the hundreds digit of 4526924?
9
What is the tens digit of 5442053?
5
What is the hundreds digit of 2136084?
0
What is the tens digit of 405101?
0
What is the tens digit of 2137748?
4
What is the hundred thousands digit of 427725?
4
What is the ten thousands digit of 13869069?
6
What is the thousands digit of 12563280?
3
What is the thousands digit of 105672?
5
What is the hundreds digit of 433359?
3
What is the tens digit of 217409?
0
What is the tens digit of 5515592?
9
What is the tens digit of 288994?
9
What is the units digit of 69847?
7
What is the tens digit of 11668478?
7
What is the hundreds digit of 446354?
3
What is the hundred thousands digit of 769184?
7
What is the hundreds digit of 274730?
7
What is the thousands digit of 1697089?
7
What is the thousands digit of 12430512?
0
What is the tens digit of 5345096?
9
What is the hundreds digit of 20820783?
7
What is the units digit of 11842914?
4
What is the units digit of 4694615?
5
What is the millions digit of 7025354?
7
What is the hundred thousands digit of 11786577?
7
What is the millions digit of 22072908?
2
What is the hundreds digit of 794837?
8
What is the tens digit of 1172948?
4
What is the units digit of 997460?
0
What is the units digit of 2220429?
9
What is the hundreds digit of 4417772?
7
What is the thousands digit of 155449?
5
What is the thousands digit of 970756?
0
What is the hundreds digit of 3308474?
4
What is the millions digit of 1973851?
1
What is the tens digit of 445827?
2
What is the tens digit of 547755?
5
What is the hundred thousands digit of 32390002?
3
What is the hundreds digit of 1653024?
0
What is the thousands digit of 227078?
7
What is the units digit of 2246454?
4
What is the millions digit of 7963803?
7
What is the units digit of 1024075?
5
What is the units digit of 2482590?
0
What is the thousands digit of 4680244?
0
What is the hundred thousands digit of 2709178?
7
What is the hundreds digit of 7925171?
1
What is the ten thousands digit of 1006126?
0
What is the ten millions digit of 13985262?
1
What is the thousands digit of 12085606?
5
What is the tens digit of 14865238?
3
What is the thousands digit of 30797495?
7
What is the units digit of 4789905?
5
What is the hundred thousands digit of 184330?
1
What is the units digit of 975127?
7
What is the hundred thousands digit of 237933?
2
What is the ten millions digit of 10043356?
1
What is the hundreds digit of 264219?
2
What is the ten thousands digit of 7274660?
7
What is the millions digit of 21358240?
1
What is the units digit of 354896?
6
What is the tens digit of 6730766?
6
What is the units digit of 420395?
5
What is the ten thousands digit of 6788698?
8
What is the hundred thousands digit of 3803602?
8
What is the thousands digit of 2508970?
8
What is the hundreds digit of 881182?
1
What is the hundred thousands digit of 184654?
1
What is the hundred thousands digit of 9607587?
6
What is the ten thousands digit of 1615618?
1
What is the ten thousands digit of 6599527?
9
What is the tens digit of 563113?
1
What is the hundred thousands digit of 3321606?
3
What is the hundred thousands digit of 35348329?
3
What is the units digit of 670153?
3
What is the tens digit of 5398562?
6
What is the thousands digit of 607443?
7
What is the tens digit of 474153?
5
What is the tens digit of 270234?
3
What is the ten millions digit of 12108758?
1
What is the units digit of 508911?
1
What is the thousands digit of 436275?
6
What is the hundreds digit of 8503108?
1
What is the ten thousands digit of 545090?
4
What is the millions digit of 2072805?
2
What is the tens digit of 1136825?
2
What is the thousands digit of 561077?
1
What is the thousands digit of 1382842?
2
What is the units digit of 395359?
9
What is the millions digit of 2633608?
2
What is the hundred thousands digit of 26640870?
6
What is the hundreds digit of 4640966?
9
What is the hundreds digit of 443465?
4
What is the hundred thousands digit of 1206410?
2
What is the thousands digit of 1852030?
2
What is the hundreds digit of 775838?
8
What is the units digit of 10799755?
5
What is the hundred thousands digit of 355243?
3
What is the units digit of 7106359?
9
What is the tens digit of 12305430?
3
What is the ten thousands digit of 1754939?
5
What is the tens digit of 1485303?
0
What is the units digit of 31453505?
5
What is the ten thousands digit of 2955677?
5
What is the tens digit of 2647253?
5
What is the thousands digit of 298610?
8
What is the tens digit of 1659904?
0
What is the hundred thousands digit of 345922?
3
What is the tens digit of 281686?
8
What is the thousands digit of 235667?
5
What is the hundreds digit of 53189?
1
What is the thousands digit of 231081?
1
What is the ten thousands digit of 15904583?
0
What is the tens digit of 60229?
2
What is the ten thousands digit of 20608292?
0
What is the thousands digit of 2522134?
2
What is the ten thousands digit of 1167387?
6
What is the hundreds digit of 25198766?
7
What is the ten thousands digit of 968493?
6
What is the hundred thousands digit of 2521054?
5
What is the tens digit of 3165?
6
What is the tens digit of 235574?
7
What is the units digit of 5662956?
6
What is the tens digit of 237575?
7
What is the hundreds digit of 5489519?
5
What is the ten thousands digit of 179983?
7
What is the hundreds digit of 97430?
4
What is the hundreds digit of 11569109?
1
What is the tens digit of 4925613?
1
What is the millions digit of 6748517?
6
What is the tens digit of 3367333?
3
What is the hundreds digit of 327179?
1
What is the tens digit of 4542825?
2
What is the hundreds digit of 190827?
8
What is the hundred thousands digit of 2832366?
8
What is the units digit of 226061?
1
What is the thousands digit of 94585?
4
What is the units digit of 1472398?
8
What is the hundreds digit of 1008150?
1
What is the thousands digit of 3103740?
3
What is the tens digit of 97111?
1
What is the hundreds digit of 76948?
9
What is the thousands digit of 199558?
9
What is the thousands digit of 341328?
1
What is the units digit of 25267129?
9
What is the ten thousands digit of 84953?
8
What is the hundred thousands digit of 679535?
6
What is the tens digit of 4189035?
3
What is the units digit of 137217?
7
What is the thousands digit of 6301428?
1
What is the millions digit of 11993997?
1
What is the hundreds digit of 302775?
7
What is the thousands digit of 3032872?
2
What is the hundreds digit of 6356406?
4
What is the hundred thousands digit of 280036?
2
What is the tens digit of 9104649?
4
What is the units digit of 117991?
1
What is the hundreds digit of 7858188?
1
What is the hundred thousands digit of 5533713?
5
What is the thousands digit of 589767?
9
What is the thousands digit of 159556?
9
What is the hundreds digit of 1904062?
0
What is the thousands digit of 97614?
7
What is the ten millions digit of 22104602?
2
What is the thousands digit of 79048?
9
What is the hundred thousands digit of 2087672?
0
What is the ten thousands digit of 131547?
3
What is the units digit of 315847?
7
What is the tens digit of 216569?
6
What is the units digit of 777601?
1
What is the ten thousands digit of 30178?
3
What is the hundreds digit of 306610?
6
What is the ten thousands digit of 223288?
2
What is the hundred thousands digit of 1087998?
0
What is the thousands digit of 182742